to base 16.
1b16a2
-283721 (base 9) to base 6
-3414331
What is -1001100001100110010 (base 2) in base 8?
-1141462
Convert 1289c57 (base 13) to base 2.
10110001100110101101100
Convert 4084a2 (base 11) to base 8.
2400130
What is -59cb3 (base 15) in base 4?
-1011322200
-26447 (base 12) to base 10
-52471
What is 2420344 (base 5) in base 11?
3097a
147b1 (base 13) to base 12
1a470
What is -13755 (base 13) in base 10?
-36405
23a24a (base 12) to base 7
4623445
Convert 22323420 (base 5) to base 15.
3dcaa
Convert -93c7a (base 14) to base 13.
-c6312
Convert -23314 (base 11) to base 7.
-200054
Convert -110180 (base 9) to base 7.
-362505
Convert -11110011002022 (base 3) to base 12.
-960722
What is 1288818 (base 11) in base 9?
4156532
What is bacb2b (base 13) in base 6?
234133313
What is -378120 (base 9) in base 6?
-4524113
What is 12120021001202 (base 3) in base 13?
7c7279
Convert 2333a83 (base 11) to base 12.
1446604
What is 5b506 (base 14) in base 5?
24121000
Convert -ec12a7 (base 16) to base 8.
-73011247
What is -273873 (base 12) in base 4?
-2132200113
What is 34513403 (base 6) in base 10?
1067403
-183325 (base 10) to base 14
-4ab49
Convert 61598 (base 16) to base 4.
1201112120
201120001210212 (base 3) to base 11
595a13a
Convert -20112011310 (base 4) to base 3.
-11010010212120
10122022001 (base 3) to base 9
118261
-835bc (base 15) to base 5
-101311202
What is -2163506 (base 9) in base 7?
-12615165
What is 355611 (base 13) in base 3?
2101110022210
-244130111 (base 5) to base 11
-723540
Convert -2666493 (base 12) to base 5.
-3421203211
What is 27244231 (base 8) in base 3?
102111121001110
7461a (base 11) to base 5
11433213
What is -388401 (base 10) in base 16?
-5ed31
-11000004 (base 5) to base 10
-93754
What is -145102116 (base 7) in base 10?
-9664773
5131620 (base 8) to base 10
1356688
-523853 (base 10) to base 7
-4311161
13a4959 (base 11) to base 5
1104020401
What is -100374427 (base 8) in base 6?
-1402210531
-4411ea (base 15) to base 5
-1312300240
483176 (base 9) to base 3
112210012120
11022112100000 (base 3) to base 9
4275300
Convert 16b700b (base 15) to base 13.
3568925
140 (base 11) to base 7
324
3561642 (base 10) to base 13
9791a6
What is 100010010110011011100 (base 2) in base 16?
112cdc
What is -14120831 (base 10) in base 8?
-65673577
214440055 (base 6) to base 11
21a8734
What is -54b4d4 (base 14) in base 9?
-5360264
Convert -320132044 (base 5) to base 8.
-5054227
-13205057 (base 8) to base 9
-5488006
What is 871576 (base 9) in base 11?
325363
What is 1000010000010100101 (base 2) in base 6?
5444153
What is 517019 (base 15) in base 13?
a57029
Convert -138144 (base 10) to base 6.
-2543320
Convert -203301310 (base 4) to base 15.
-2d64d
Convert 6158515 (base 9) to base 16.
3226df
What is -204020 (base 9) in base 10?
-121032
-3541655 (base 7) to base 16
-6d31f
What is 22112101112 (base 3) in base 13?
5b5a7
-206ba (base 14) to base 6
-1401524
-1302303111 (base 4) to base 10
-470229
-140442023 (base 5) to base 12
-2a7898
Convert 47325 (base 10) to base 2.
1011100011011101
17adc (base 15) to base 7
436431
Convert 10c18 (base 16) to base 6.
1245424
-23bd9 (base 16) to base 10
-146393
Convert 30a697 (base 11) to base 16.
7968f
51026 (base 8) to base 7
115160
4075ba (base 16) to base 10
4224442
What is -101110100100001011100 (base 2) in base 13?
-415693
Convert -122134420 (base 5) to base 6.
-20302251
Convert 731646 (base 9) to base 3.
211001201120
Convert 16935 (base 16) to base 5.
10424334
What is -200201003 (base 5) in base 11?
-498836
Convert -3210323200 (base 5) to base 8.
-31530110
What is -121330220 (base 4) in base 7?
-621566
-24434 (base 14) to base 2
-10101101000111110
Convert -3351521 (base 6) to base 11.
-106954
Convert -2418129 (base 11) to base 14.
-7b939d
What is 604703 (base 8) in base 13?
6c81c
1102111010001 (base 3) to base 15
ee6ad
What is -2043210 (base 5) in base 11?
-23753
What is -34e2cd (base 15) in base 9?
-4673424
19675 (base 13) to base 14
1403a
What is -a8b22 (base 16) in base 11?
-432162
What is -2122104 (base 6) in base 14?
-29d56
Convert -643474 (base 8) to base 4.
-310130330
Convert 10110110010010010 (base 2) to base 3.
11202000200
What is -505530203 (base 6) in base 15?
-b65203
What is 10101000111101101110 (base 2) in base 3?
1022011100112
What is -112010101023 (base 4) in base 15?
-793e86
e32a4 (base 15) to base 13
1c2637
Convert -721359 (base 10) to base 15.
-e3b09
101010001111010001 (base 2) to base 8
521721
What is 2355401 (base 6) in base 13?
447a0
What is -5e726e (base 15) in base 10?
-4529804
-263487 (base 12) to base 7
-5223511
What is 13661754 (base 9) in base 14?
c84077
-14421021 (base 6) to base 13
-146a5b
Convert 438647 (base 13) to base 11.
996244
What is -46b94 (base 15) in base 16?
-37054
What is -33ab2 (base 16) in base 8?
-635262
Convert 24260520 (base 7) to base 15.
2cbb76
What is -556511 (base 7) in base 11?
-67990
1855532 (base 9) to base 2
11111110000101001101
What is -102511343 (base 7) in base 16?
-5ce190
What is 163a09 (base 11) in base 4?
332002131
11210011022 (base 3) to base 13
33b1b
-117269 (base 14) to base 3
-1010021110121
-235001201 (base 6) to base 8
-20721341
What is 21074563 (base 8) in base 4?
101013211303
Convert 9042 (base 16) to base 7.
212445
Convert -2bd548 (base 15) to base 3.
-10222202001012
2436887 (base 10) to base 9
4523702
36d448 (base 15) to base 16
28149e
-76250 (base 10) to base 16
-129da
-144949 (base 10) to base 14
-3ab77
Convert 1ca8a (base 15) to base 3.
11202021011
-11655310 (base 9) to base 3
-101201212100100
Convert 6425565 (base 9) to base 15.
47ed18
Convert 3224521 (base 6) to base 2.
100110110111000001
-aaab8a (base 13) to base 15
-546ca8
What is 74635 (base 15) in base 5?
43304100
Convert -12121112101121 (base 3) to base 15.
-3ddb1a
667704 (base 11) to base 16
103d80
-14100 (base 5) to base 3
-1120121
What is 76c32 (base 13) in base 12?
a4636
87c3d (base 14) to base 12
13a43b
What is 2211102121220 (base 3) in base 11?
9382a1
What is a11815 (base 12) in base 16?
265451
21200222100 (base 3) to base 15
2edc9
-107a43b (base 12) to base 2
-1100000000110011101111
-110111111100001011 (base 2) to base 7
-1643010
What is -1692420 (base 11) in base 16?
-2bd5e4
What is -616d (base 16) in base 2?
-110000101101101
What is -30121111321 (base 4) in base 14?
-608333
-133874 (base 9) to base 7
-460000
Convert 2220020222 (base 3) to base 8.
157332
-26171 (base 13) to base 10
-70565
What is -55c996 (base 15) in base 6?
-223415310
What is 8bc7 (base 13) in base 11?
137a7
What is -30134863 (base 9) in base 12?
-49bb510
-267463 (base 8) to base 2
-10110111100110011
What is -101110000101000110 (base 2) in base 7?
-1414161
What is -13022412314 (base 5) in base 15?
-15c928e
What is -786430 (base 9) in base 11?
-2a1599
What is -2125004 (base 6) in base 2?
-11001100100111100
Convert -12954f (base 16) to base 10.
-1217871
What is -72d67 (base 15) in base 2?
-1011000111001110011
Convert 1885933 (base 10) to base 16.
1cc6ed
What is -2f29a (base 16) in base 4?
-233022122
688270 (base 11) to base 15
169401
What is -1283a4 (base 11) in base 9?
-336312
-9813a (base 12) to base 14
-53194
Convert -84649 (base 12) to base 8.
-523231
3337241 (base 8) to base 12
375341
352663 (base 7) to base 9
106031
What is 7664401 (base 10) in base 8?
35171421
What is -1450264 (base 7) in base 8?
-600642
What is -212422121 (base 5) in base 10?
-904661
Convert -511145540 (base 6) to base 15.
-b79496
-32066 (base 8) to base 4
-3100312
b2e8 (base 15) to base 10
37793
What is 38925 (base 11) in base 14?
16419
-14a37 (base 15) to base 9
-111107
What is 1c0343 (base 14) in base 15?
14b20d
1a3a16 (base 13) to base 4
2202121303
What is -450a846 (base 11) in base 3?
-112212122202102
-411410 (base 6) to base 11
-22688
Convert -11111010011111000 (base 2) to base 11.
-8839a
Convert -1210423033 (base 6) to base 12.
-4731a79
What is -19756 (base 11) in base 10?
-27528
What is 1a83ad (base 15) in base 6?
43420131
1213122020 (base 4) to base 6
13024532
-371cc0a (base 13) to base 12
-58a4b09
e9c5d (base 16) to base 11
5a4455
Convert 212d3c1 (base 14) to base 10.
15710157
-1100101101111011010 (base 2) to base 5
-101313410
Convert -122b4f (base 16) to base 11.
-743687
Convert -99a01 (base 15) to base 5.
-111111001
What is -11124330 (b